9566?
3
What is the ten thousands digit of 16203?
1
What is the tens digit of 720?
2
What is the hundreds digit of 761?
7
What is the tens digit of 75475?
7
What is the units digit of 11130?
0
What is the thousands digit of 22896?
2
What is the units digit of 124124?
4
What is the ten thousands digit of 40808?
4
What is the hundreds digit of 77218?
2
What is the hundreds digit of 13490?
4
What is the hundreds digit of 3428?
4
What is the tens digit of 20111?
1
What is the units digit of 1984?
4
What is the tens digit of 18184?
8
What is the thousands digit of 7348?
7
What is the tens digit of 11542?
4
What is the hundreds digit of 624?
6
What is the hundred thousands digit of 109516?
1
What is the tens digit of 4543?
4
What is the tens digit of 3565?
6
What is the tens digit of 23?
2
What is the units digit of 12176?
6
What is the hundreds digit of 2244?
2
What is the units digit of 883?
3
What is the units digit of 49128?
8
What is the units digit of 8?
8
What is the hundreds digit of 9438?
4
What is the units digit of 196?
6
What is the thousands digit of 43776?
3
What is the thousands digit of 36726?
6
What is the ten thousands digit of 113054?
1
What is the tens digit of 677?
7
What is the ten thousands digit of 17773?
1
What is the units digit of 11371?
1
What is the tens digit of 1895?
9
What is the hundreds digit of 26273?
2
What is the tens digit of 76162?
6
What is the tens digit of 10130?
3
What is the hundreds digit of 5677?
6
What is the hundreds digit of 1620?
6
What is the thousands digit of 118490?
8
What is the thousands digit of 3247?
3
What is the thousands digit of 2112?
2
What is the hundreds digit of 2412?
4
What is the thousands digit of 2609?
2
What is the units digit of 20302?
2
What is the tens digit of 134?
3
What is the hundreds digit of 14421?
4
What is the units digit of 2117?
7
What is the tens digit of 1604?
0
What is the hundreds digit of 3184?
1
What is the units digit of 10034?
4
What is the tens digit of 1276?
7
What is the units digit of 13057?
7
What is the thousands digit of 31412?
1
What is the hundreds digit of 6683?
6
What is the hundreds digit of 12955?
9
What is the units digit of 1878?
8
What is the units digit of 3834?
4
What is the thousands digit of 18351?
8
What is the tens digit of 540?
4
What is the tens digit of 10545?
4
What is the tens digit of 10064?
6
What is the hundreds digit of 4911?
9
What is the hundreds digit of 6595?
5
What is the units digit of 76201?
1
What is the thousands digit of 42006?
2
What is the tens digit of 35877?
7
What is the thousands digit of 4107?
4
What is the tens digit of 1008?
0
What is the tens digit of 19400?
0
What is the hundreds digit of 79815?
8
What is the tens digit of 192?
9
What is the hundreds digit of 3707?
7
What is the hundreds digit of 96453?
4
What is the hundreds digit of 612?
6
What is the tens digit of 18931?
3
What is the tens digit of 30904?
0
What is the hundreds digit of 13233?
2
What is the tens digit of 10358?
5
What is the hundred thousands digit of 162318?
1
What is the ten thousands digit of 43054?
4
What is the units digit of 6306?
6
What is the hundreds digit of 3463?
4
What is the tens digit of 115?
1
What is the units digit of 2098?
8
What is the tens digit of 28439?
3
What is the thousands digit of 3955?
3
What is the units digit of 8101?
1
What is the ten thousands digit of 96092?
9
What is the tens digit of 49832?
3
What is the thousands digit of 2027?
2
What is the units digit of 1905?
5
What is the tens digit of 5643?
4
What is the hundreds digit of 244?
2
What is the units digit of 27030?
0
What is the hundreds digit of 8708?
7
What is the hundreds digit of 11674?
6
What is the ten thousands digit of 64486?
6
What is the units digit of 82993?
3
What is the units digit of 2206?
6
What is the units digit of 1061?
1
What is the units digit of 4582?
2
What is the hundreds digit of 4236?
2
What is the hundreds digit of 1750?
7
What is the hundreds digit of 49853?
8
What is the thousands digit of 60511?
0
What is the tens digit of 618?
1
What is the tens digit of 2201?
0
What is the units digit of 30367?
7
What is the hundreds digit of 2686?
6
What is the thousands digit of 9574?
9
What is the thousands digit of 5575?
5
What is the hundreds digit of 1245?
2
What is the hundreds digit of 37162?
1
What is the thousands digit of 9034?
9
What is the hundreds digit of 1631?
6
What is the thousands digit of 44260?
4
What is the hundreds digit of 1878?
8
What is the tens digit of 30247?
4
What is the tens digit of 12976?
7
What is the units digit of 57522?
2
What is the units digit of 1963?
3
What is the units digit of 447?
7
What is the thousands digit of 1111?
1
What is the thousands digit of 9727?
9
What is the ten thousands digit of 121863?
2
What is the thousands digit of 14738?
4
What is the hundreds digit of 18032?
0
What is the hundreds digit of 1239?
2
What is the hundreds digit of 8908?
9
What is the tens digit of 706?
0
What is the tens digit of 961?
6
What is the tens digit of 20998?
9
What is the tens digit of 1193?
9
What is the units digit of 15117?
7
What is the thousands digit of 1097?
1
What is the tens digit of 596?
9
What is the ten thousands digit of 19443?
1
What is the ten thousands digit of 79624?
7
What is the hundreds digit of 525?
5
What is the hundreds digit of 11386?
3
What is the units digit of 4586?
6
What is the ten thousands digit of 24037?
2
What is the units digit of 6294?
4
What is the units digit of 3138?
8
What is the units digit of 4983?
3
What is the hundreds digit of 11917?
9
What is the units digit of 2041?
1
What is the hundred thousands digit of 166681?
1
What is the units digit of 7801?
1
What is the thousands digit of 89914?
9
What is the tens digit of 1782?
8
What is the hundreds digit of 2774?
7
What is the thousands digit of 2189?
2
What is the thousands digit of 44324?
4
What is the thousands digit of 82617?
2
What is the tens digit of 391?
9
What is the tens digit of 7418?
1
What is the tens digit of 9032?
3
What is the thousands digit of 4227?
4
What is the ten thousands digit of 19061?
1
What is the units digit of 4941?
1
What is the thousands digit of 1070?
1
What is the hundreds digit of 79050?
0
What is the units digit of 327?
7
What is the units digit of 38057?
7
What is the ten thousands digit of 12860?
1
What is the units digit of 1069?
9
What is the hundreds digit of 6866?
8
What is the thousands digit of 71966?
1
What is the ten thousands digit of 45888?
4
What is the units digit of 2249?
9
What is the ten thousands digit of 12001?
1
What is the units digit of 11828?
8
What is the ten thousands digit of 53036?
5
What is the thousands digit of 29097?
9
What is the hundreds digit of 2010?
0
What is the thousands digit of 2343?
2
What is the hundred thousands digit of 148721?
1
What is the units digit of 2349?
9
What is the units digit of 4397?
7
What is the units digit of 26035?
5
What is the hundreds digit of 4366?
3
What is the tens digit of 133?
3
What is the hundreds digit of 1545?
5
What is the thousands digit of 2677?
2
What is the hundreds digit of 127723?
7
What is the hundreds digit of 5600?
6
What is the ten thousands digit of 32621?
3
What is the ten thousands digit of 21470?
2
What is the ten thousands digit of 14732?
1
What is the thousands digit of 5433?
5
What is the units digit of 92615?
5
What is the hundreds digit of 728?
7
What is the hundreds digit of 3519?
5
What is the thousands digit of 1234?
1
What is the hundreds digit of 10739?
7
What is the tens digit of 6196?
9
What is the units digit of 13134?
4
What is the units digit of 6730?
0
What is the hundreds digit of 3267?
2
What is the tens digit of 65551?
5
What is the units digit of 3992?
2
What is the tens digit of 504?
0
What is the tens digit of 7237?
3
What is the units digit of 8814?
4
What is the tens digit of 133456?
5
What is the tens digit of 13279?
7
What is the thousands digit of 5350?
5
What is the tens digit of 18499?
9
What is the units digit of 512?
2
What is the tens digit of 9553?
5
What is the tens digit of 21789?
8
What is the units digit of 21491?
1
What is the thousands digit of 19939?
9
What is the tens digit of 7145?
4
What is the tens digit of 9113?
1
What is the hundreds digit